{"id":3578,"date":"2021-02-08T13:07:48","date_gmt":"2021-02-08T13:07:48","guid":{"rendered":"http:\/\/zikzag.wgl-demo.net\/?page_id=3578"},"modified":"2026-03-28T02:08:06","modified_gmt":"2026-03-28T02:08:06","slug":"home-6","status":"publish","type":"page","link":"https:\/\/smartsys.ma\/","title":{"rendered":"Home 6"},"content":{"rendered":"\t\t<div data-elementor-type=\"wp-page\" data-elementor-id=\"3578\" class=\"elementor elementor-3578\" data-elementor-post-type=\"page\">\n\t\t\t\t\t\t<section class=\"elementor-section elementor-top-section elementor-element elementor-element-7688718 elementor-section-height-min-height elementor-section-boxed elementor-section-height-default elementor-section-items-middle elementor-invisible\" data-id=\"7688718\" data-element_type=\"section\" data-settings=\"{&quot;background_background&quot;:&quot;classic&quot;,&quot;animation&quot;:&quot;fadeIn&quot;}\">\n\t\t\t\t\t\t<div class=\"elementor-container elementor-column-gap-extended\">\n\t\t\t\t\t<div class=\"elementor-column elementor-col-50 elementor-top-column elementor-element elementor-element-b2ccbba\" data-id=\"b2ccbba\" data-element_type=\"column\">\n\t\t\t<div class=\"elementor-widget-wrap elementor-element-populated\">\n\t\t\t\t\t\t<div class=\"elementor-element elementor-element-5faf6f3 elementor-widget elementor-widget-spacer\" data-id=\"5faf6f3\" data-element_type=\"widget\" data-widget_type=\"spacer.default\">\n\t\t\t\t\t\t\t<div class=\"elementor-spacer\">\n\t\t\t<div class=\"elementor-spacer-inner\"><\/div>\n\t\t<\/div>\n\t\t\t\t\t\t<\/div>\n\t\t\t\t\t<\/div>\n\t\t<\/div>\n\t\t\t\t<div class=\"elementor-column elementor-col-50 elementor-top-column elementor-element elementor-element-3c5e480 wgl-shaded\" data-id=\"3c5e480\" data-element_type=\"column\" data-settings=\"{&quot;background_background&quot;:&quot;classic&quot;}\">\n\t\t\t<div class=\"elementor-widget-wrap elementor-element-populated\">\n\t\t\t\t\t\t<div class=\"elementor-element elementor-element-a4336f9 acenter elementor-widget elementor-widget-wgl-double-headings\" data-id=\"a4336f9\" data-element_type=\"widget\" data-widget_type=\"wgl-double-headings.default\">\n\t\t\t\t<div class=\"elementor-widget-container\">\n\t\t\t\t\t<div class=\"wgl-double_heading\"><div class=\"dbl__subtitle\"><span>Votre Passerelle entre le Maroc et le Monde.<\/span><\/div><\/div>\t\t\t\t<\/div>\n\t\t\t\t<\/div>\n\t\t\t\t<div class=\"elementor-element elementor-element-abc6cda elementor-widget__width-initial elementor-widget elementor-widget-text-editor\" data-id=\"abc6cda\" data-element_type=\"widget\" data-widget_type=\"text-editor.default\">\n\t\t\t\t\t\t\t\t\t<p>SMARTSYS optimise vos approvisionnements en connectant le march\u00e9 marocain et african aux meilleurs fournisseurs mondiaux, particuli\u00e8rement en Chine. Nous n\u00e9gocions les tarifs directs d\u2019usine et assurons un contr\u00f4le qualit\u00e9 rigoureux pour garantir la conformit\u00e9 de vos marchandises. Notre expertise g\u00e8re l&#8217;int\u00e9gralit\u00e9 du processus, du sourcing \u00e0 la livraison finale, s\u00e9curisant ainsi vos transactions. Transformez vos achats en levier de croissance avec un partenaire local de confiance.<\/p>\t\t\t\t\t\t\t\t<\/div>\n\t\t\t\t<div class=\"elementor-element elementor-element-529a8fb acenter elementor-widget__width-initial a-mobileleft elementor-widget-mobile__width-inherit elementor-widget elementor-widget-wgl-button\" data-id=\"529a8fb\" data-element_type=\"widget\" data-widget_type=\"wgl-button.default\">\n\t\t\t\t<div class=\"elementor-widget-container\">\n\t\t\t\t\t<div class=\"button-wrapper\"><a  href=\"https:\/\/smartsys.ma\/index.php\/formulaire-de-commande\/\" class=\"wgl-button btn-size-xl\" role=\"button\"><div class=\"button-content-wrapper \"><span class=\"wgl-button-text\">DEMARREZ VOTRE COMMANDE ICI<\/span><\/div><\/a><\/div>\t\t\t\t<\/div>\n\t\t\t\t<\/div>\n\t\t\t\t\t<\/div>\n\t\t<\/div>\n\t\t\t\t\t<\/div>\n\t\t<\/section>\n\t\t\t\t<section class=\"elementor-section elementor-top-section elementor-element elementor-element-60d6168 elementor-section-boxed elementor-section-height-default elementor-section-height-default\" data-id=\"60d6168\" data-element_type=\"section\" data-settings=\"{&quot;background_background&quot;:&quot;classic&quot;}\">\n\t\t\t\t\t\t<div class=\"elementor-container elementor-column-gap-extended\">\n\t\t\t\t\t<div class=\"elementor-column elementor-col-33 elementor-top-column elementor-element elementor-element-0784413\" data-id=\"0784413\" data-element_type=\"column\">\n\t\t\t<div class=\"elementor-widget-wrap elementor-element-populated\">\n\t\t\t\t\t\t<div class=\"elementor-element elementor-element-ccb18d5 aleft has-font elementor-widget-icon-box wgl-icon-box elementor-view-default elementor-widget elementor-widget-wgl-info-box\" data-id=\"ccb18d5\" data-element_type=\"widget\" data-widget_type=\"wgl-info-box.default\">\n\t\t\t\t<div class=\"elementor-widget-container\">\n\t\t\t\t\t<a href=\"http:\/\/smartsys.ma\/contacts\/\" class=\"wgl-infobox  wgl-layout-left\"><div class=\"media-wrapper icon-wrapper\"><span class=\"wgl-icon\" ><i class=\"icon elementor-icon flaticon flaticon-goal\" aria-hidden=\"true\"><\/i><\/span><\/div><div class=\"wgl-infobox_wrapper\"><div class=\"wgl-infobox-title_wrapper\"><div class=\"wgl-infobox_title\">La Qualification (Le \"Qui\")<\/div><\/div><div class=\"content_wrapper\"><div class=\"wgl-infobox_content\"><p data-path-to-node=\"3\">Il ne s'agit pas seulement de trouver un produit, mais de trouver le <b data-path-to-node=\"3\" data-index-in-node=\"69\">bon fabricant<\/b>.<\/p><\/div><\/div><\/div><\/a>\t\t\t\t<\/div>\n\t\t\t\t<\/div>\n\t\t\t\t\t<\/div>\n\t\t<\/div>\n\t\t\t\t<div class=\"elementor-column elementor-col-33 elementor-top-column elementor-element elementor-element-5422f58\" data-id=\"5422f58\" data-element_type=\"column\">\n\t\t\t<div class=\"elementor-widget-wrap elementor-element-populated\">\n\t\t\t\t\t\t<div class=\"elementor-element elementor-element-4825527 aleft has-font elementor-widget-icon-box wgl-icon-box elementor-view-default elementor-widget elementor-widget-wgl-info-box\" data-id=\"4825527\" data-element_type=\"widget\" data-widget_type=\"wgl-info-box.default\">\n\t\t\t\t<div class=\"elementor-widget-container\">\n\t\t\t\t\t<a href=\"http:\/\/smartsys.ma\/contacts\/\" class=\"wgl-infobox  wgl-layout-left\"><div class=\"media-wrapper icon-wrapper\"><span class=\"wgl-icon\" ><i class=\"icon elementor-icon flaticon flaticon-correct\" aria-hidden=\"true\"><\/i><\/span><\/div><div class=\"wgl-infobox_wrapper\"><div class=\"wgl-infobox-title_wrapper\"><div class=\"wgl-infobox_title\">La Conformit\u00e9 (Le \"Quoi\")<\/div><\/div><div class=\"content_wrapper\"><div class=\"wgl-infobox_content\"><p>C'est le pont entre les standards internationaux et les exigences du march\u00e9 marocain.<\/p><\/div><\/div><\/div><\/a>\t\t\t\t<\/div>\n\t\t\t\t<\/div>\n\t\t\t\t\t<\/div>\n\t\t<\/div>\n\t\t\t\t<div class=\"elementor-column elementor-col-33 elementor-top-column elementor-element elementor-element-d55cfe7\" data-id=\"d55cfe7\" data-element_type=\"column\">\n\t\t\t<div class=\"elementor-widget-wrap elementor-element-populated\">\n\t\t\t\t\t\t<div class=\"elementor-element elementor-element-b55bae7 aleft has-font elementor-widget-icon-box wgl-icon-box elementor-view-default elementor-widget elementor-widget-wgl-info-box\" data-id=\"b55bae7\" data-element_type=\"widget\" data-widget_type=\"wgl-info-box.default\">\n\t\t\t\t<div class=\"elementor-widget-container\">\n\t\t\t\t\t<a href=\"http:\/\/smartsys.ma\/contacts\/\" class=\"wgl-infobox  wgl-layout-left\"><div class=\"media-wrapper icon-wrapper\"><span class=\"wgl-icon\" ><i class=\"icon elementor-icon flaticon flaticon-money-1\" aria-hidden=\"true\"><\/i><\/span><\/div><div class=\"wgl-infobox_wrapper\"><div class=\"wgl-infobox-title_wrapper\"><div class=\"wgl-infobox_title\">La S\u00e9curisation (Le \"Comment\")<\/div><\/div><div class=\"content_wrapper\"><div class=\"wgl-infobox_content\"><p>C'est la ma\u00eetrise des risques financiers et logistiques.<\/p><\/div><\/div><\/div><\/a>\t\t\t\t<\/div>\n\t\t\t\t<\/div>\n\t\t\t\t\t<\/div>\n\t\t<\/div>\n\t\t\t\t\t<\/div>\n\t\t<\/section>\n\t\t\t\t<section class=\"elementor-section elementor-top-section elementor-element elementor-element-05809ec elementor-section-boxed elementor-section-height-default elementor-section-height-default\" data-id=\"05809ec\" data-element_type=\"section\">\n\t\t\t\t\t\t<div class=\"elementor-container elementor-column-gap-no\">\n\t\t\t\t\t<div class=\"elementor-column elementor-col-50 elementor-top-column elementor-element elementor-element-42381d3\" data-id=\"42381d3\" data-element_type=\"column\">\n\t\t\t<div class=\"elementor-widget-wrap elementor-element-populated\">\n\t\t\t\t\t\t<div class=\"elementor-element elementor-element-4f2b89d elementor-widget__width-initial elementor-widget-tablet__width-initial aleft elementor-widget elementor-widget-wgl-double-headings\" data-id=\"4f2b89d\" data-element_type=\"widget\" data-widget_type=\"wgl-double-headings.default\">\n\t\t\t\t<div class=\"elementor-widget-container\">\n\t\t\t\t\t<div class=\"wgl-double_heading\"><div class=\"dbl__subtitle\"><span>notre offre<\/span><\/div><h2 class=\"dbl__title-wrapper\"><span class=\"dbl__title\">Notre savoir-faire en action.<\/span><\/h2><\/div>\t\t\t\t<\/div>\n\t\t\t\t<\/div>\n\t\t\t\t<div class=\"elementor-element elementor-element-0cc7094 elementor-widget__width-initial elementor-widget elementor-widget-text-editor\" data-id=\"0cc7094\" data-element_type=\"widget\" data-widget_type=\"text-editor.default\">\n\t\t\t\t\t\t\t\t\t<p>Le parcours complet des\u00a0 services, r\u00e9sum\u00e9 en <b data-path-to-node=\"0\" data-index-in-node=\"53\">8 points.<\/b><\/p>\t\t\t\t\t\t\t\t<\/div>\n\t\t\t\t<div class=\"elementor-element elementor-element-19b888b elementor-widget elementor-widget-text-editor\" data-id=\"19b888b\" data-element_type=\"widget\" data-widget_type=\"text-editor.default\">\n\t\t\t\t\t\t\t\t\t<ul class=\"zikzag_check\"><li><h6>Analyse Strat\u00e9gique de vos Besoins<\/h6><\/li><li><h6>Sourcing &amp; Qualification de Fournisseurs<\/h6><\/li><li><h6>N\u00e9gociation &amp; Optimisation des Co\u00fbts<\/h6><\/li><li><h6>D\u00e9veloppement &amp; Validation d\u2019\u00c9chantillons<\/h6><\/li><li><h6>Audit Industriel &amp; Inspection d&#8217;Usine<\/h6><\/li><li><h6>Contr\u00f4le Qualit\u00e9 &amp; Conformit\u00e9 Normative<\/h6><\/li><li><h6>Gestion de la Logistique Internationale<\/h6><\/li><li><h6>D\u00e9douanement &amp; Livraison Clef en Main<\/h6><\/li><\/ul>\t\t\t\t\t\t\t\t<\/div>\n\t\t\t\t\t<\/div>\n\t\t<\/div>\n\t\t\t\t<div class=\"elementor-column elementor-col-50 elementor-top-column elementor-element elementor-element-e7d23d4\" data-id=\"e7d23d4\" data-element_type=\"column\">\n\t\t\t<div class=\"elementor-widget-wrap elementor-element-populated\">\n\t\t\t\t\t\t<div class=\"elementor-element elementor-element-72ccfb1 elementor-widget elementor-widget-image\" data-id=\"72ccfb1\" data-element_type=\"widget\" data-widget_type=\"image.default\">\n\t\t\t\t\t\t\t\t\t\t\t\t\t\t\t<img fetchpriority=\"high\" decoding=\"async\" width=\"1200\" height=\"969\" src=\"https:\/\/smartsys.ma\/wp-content\/uploads\/2021\/02\/image-3.jpg\" class=\"attachment-full size-full wp-image-3637\" alt=\"\" srcset=\"https:\/\/smartsys.ma\/wp-content\/uploads\/2021\/02\/image-3.jpg 1200w, https:\/\/smartsys.ma\/wp-content\/uploads\/2021\/02\/image-3-1080x872.jpg 1080w, https:\/\/smartsys.ma\/wp-content\/uploads\/2021\/02\/image-3-300x242.jpg 300w, https:\/\/smartsys.ma\/wp-content\/uploads\/2021\/02\/image-3-1024x827.jpg 1024w, https:\/\/smartsys.ma\/wp-content\/uploads\/2021\/02\/image-3-768x620.jpg 768w\" sizes=\"(max-width: 1200px) 100vw, 1200px\" \/>\t\t\t\t\t\t\t\t\t\t\t\t\t\t\t<\/div>\n\t\t\t\t\t<\/div>\n\t\t<\/div>\n\t\t\t\t\t<\/div>\n\t\t<\/section>\n\t\t\t\t<section class=\"elementor-section elementor-top-section elementor-element elementor-element-5eb9a4c elementor-section-content-middle elementor-section-boxed elementor-section-height-default elementor-section-height-default\" data-id=\"5eb9a4c\" data-element_type=\"section\">\n\t\t\t\t\t\t<div class=\"elementor-container elementor-column-gap-extended\">\n\t\t\t\t\t<div class=\"elementor-column elementor-col-100 elementor-top-column elementor-element elementor-element-fa90581\" data-id=\"fa90581\" data-element_type=\"column\">\n\t\t\t<div class=\"elementor-widget-wrap elementor-element-populated\">\n\t\t\t\t\t\t<div class=\"elementor-element elementor-element-edd8385 elementor-widget elementor-widget-spacer\" data-id=\"edd8385\" data-element_type=\"widget\" data-widget_type=\"spacer.default\">\n\t\t\t\t\t\t\t<div class=\"elementor-spacer\">\n\t\t\t<div class=\"elementor-spacer-inner\"><\/div>\n\t\t<\/div>\n\t\t\t\t\t\t<\/div>\n\t\t\t\t<div class=\"elementor-element elementor-element-5e9d6ff aleft elementor-widget elementor-widget-wgl-double-headings\" data-id=\"5e9d6ff\" data-element_type=\"widget\" data-widget_type=\"wgl-double-headings.default\">\n\t\t\t\t<div class=\"elementor-widget-container\">\n\t\t\t\t\t<div class=\"wgl-double_heading\"><div class=\"dbl__subtitle\"><span>notre vision<\/span><\/div><h3 class=\"dbl__title-wrapper\"><span class=\"dbl__title\">La strat\u00e9gie est le c\u0153ur de notre m\u00e9tier<\/span><\/h3><\/div>\t\t\t\t<\/div>\n\t\t\t\t<\/div>\n\t\t\t\t<div class=\"elementor-element elementor-element-64de8d8 elementor-widget elementor-widget-text-editor\" data-id=\"64de8d8\" data-element_type=\"widget\" data-widget_type=\"text-editor.default\">\n\t\t\t\t\t\t\t\t\t<p>Pour nous, une commande n&#8217;est pas une simple transaction, c&#8217;est un projet \u00e0 part enti\u00e8re. C&#8217;est pourquoi nous appliquons une r\u00e9flexion strat\u00e9gique \u00e0 chaque demande que nous recevons. Nous analysons vos besoins sp\u00e9cifiques pour vous proposer la solution la plus juste, garantissant ainsi que le r\u00e9sultat final soit parfaitement align\u00e9 avec vos attentes.<\/p>\t\t\t\t\t\t\t\t<\/div>\n\t\t\t\t<div class=\"elementor-element elementor-element-7de8d48 elementor-widget elementor-widget-spacer\" data-id=\"7de8d48\" data-element_type=\"widget\" data-widget_type=\"spacer.default\">\n\t\t\t\t\t\t\t<div class=\"elementor-spacer\">\n\t\t\t<div class=\"elementor-spacer-inner\"><\/div>\n\t\t<\/div>\n\t\t\t\t\t\t<\/div>\n\t\t\t\t<div class=\"elementor-element elementor-element-1da32e0 elementor-widget elementor-widget-wgl-progress-bar\" data-id=\"1da32e0\" data-element_type=\"widget\" data-widget_type=\"wgl-progress-bar.default\">\n\t\t\t\t<div class=\"elementor-widget-container\">\n\t\t\t\t\t        <div class=\"wgl-progress_bar \">\r\n            <div class=\"progress_wrap\">\r\n                <div class=\"progress_label_wrap\">\r\n                                            <div class=\"progress_label\">R\u00e9duction des Co\u00fbts d&#039;Achat<\/div>\r\n                                        <div class=\"progress_value_wrap\">\r\n                                                    <span class=\"progress_value\">30<\/span>\r\n                                                                            <span class=\"progress_units\">%<\/span>\r\n                                            <\/div>\r\n                <\/div>\r\n                <div class=\"progress_bar_wrap-wrap\">\r\n                    <div class=\"progress_bar_wrap\">\r\n                        <div class=\"progress_bar\" data-width=\"30\"><\/div>\r\n                    <\/div>\r\n                <\/div>\r\n            <\/div>\r\n        <\/div>\r\n        \t\t\t\t<\/div>\n\t\t\t\t<\/div>\n\t\t\t\t<div class=\"elementor-element elementor-element-6ceb161 elementor-widget elementor-widget-wgl-progress-bar\" data-id=\"6ceb161\" data-element_type=\"widget\" data-widget_type=\"wgl-progress-bar.default\">\n\t\t\t\t<div class=\"elementor-widget-container\">\n\t\t\t\t\t        <div class=\"wgl-progress_bar \">\r\n            <div class=\"progress_wrap\">\r\n                <div class=\"progress_label_wrap\">\r\n                                            <div class=\"progress_label\">Fiabilit\u00e9 de la Qualit\u00e9<\/div>\r\n                                        <div class=\"progress_value_wrap\">\r\n                                                    <span class=\"progress_value\">95<\/span>\r\n                                                                            <span class=\"progress_units\">%<\/span>\r\n                                            <\/div>\r\n                <\/div>\r\n                <div class=\"progress_bar_wrap-wrap\">\r\n                    <div class=\"progress_bar_wrap\">\r\n                        <div class=\"progress_bar\" data-width=\"95\"><\/div>\r\n                    <\/div>\r\n                <\/div>\r\n            <\/div>\r\n        <\/div>\r\n        \t\t\t\t<\/div>\n\t\t\t\t<\/div>\n\t\t\t\t<div class=\"elementor-element elementor-element-3252ee8 elementor-widget elementor-widget-wgl-progress-bar\" data-id=\"3252ee8\" data-element_type=\"widget\" data-widget_type=\"wgl-progress-bar.default\">\n\t\t\t\t<div class=\"elementor-widget-container\">\n\t\t\t\t\t        <div class=\"wgl-progress_bar \">\r\n            <div class=\"progress_wrap\">\r\n                <div class=\"progress_label_wrap\">\r\n                                            <div class=\"progress_label\">Gain de Temps Op\u00e9rationnel<\/div>\r\n                                        <div class=\"progress_value_wrap\">\r\n                                                    <span class=\"progress_value\">50<\/span>\r\n                                                                            <span class=\"progress_units\">%<\/span>\r\n                                            <\/div>\r\n                <\/div>\r\n                <div class=\"progress_bar_wrap-wrap\">\r\n                    <div class=\"progress_bar_wrap\">\r\n                        <div class=\"progress_bar\" data-width=\"50\"><\/div>\r\n                    <\/div>\r\n                <\/div>\r\n            <\/div>\r\n        <\/div>\r\n        \t\t\t\t<\/div>\n\t\t\t\t<\/div>\n\t\t\t\t<div class=\"elementor-element elementor-element-8f403ac elementor-widget elementor-widget-spacer\" data-id=\"8f403ac\" data-element_type=\"widget\" data-widget_type=\"spacer.default\">\n\t\t\t\t\t\t\t<div class=\"elementor-spacer\">\n\t\t\t<div class=\"elementor-spacer-inner\"><\/div>\n\t\t<\/div>\n\t\t\t\t\t\t<\/div>\n\t\t\t\t\t<\/div>\n\t\t<\/div>\n\t\t\t\t\t<\/div>\n\t\t<\/section>\n\t\t<div class=\"elementor-element elementor-element-1496040 e-flex e-con-boxed e-con e-parent\" data-id=\"1496040\" data-element_type=\"container\">\n\t\t\t\t\t<div class=\"e-con-inner\">\n\t\t\t\t<div class=\"elementor-element elementor-element-87879d7 elementor-widget elementor-widget-heading\" data-id=\"87879d7\" data-element_type=\"widget\" data-widget_type=\"heading.default\">\n\t\t\t\t\t<h2 class=\"elementor-heading-title elementor-size-default\">PARTENAIRES<\/h2>\t\t\t\t<\/div>\n\t\t\t\t\t<\/div>\n\t\t\t\t<\/div>\n\t\t\t\t<section class=\"elementor-section elementor-top-section elementor-element elementor-element-27cb594 elementor-section-boxed elementor-section-height-default elementor-section-height-default\" data-id=\"27cb594\" data-element_type=\"section\">\n\t\t\t\t\t\t<div class=\"elementor-container elementor-column-gap-default\">\n\t\t\t\t\t<div class=\"elementor-column elementor-col-100 elementor-top-column elementor-element elementor-element-ca13728\" data-id=\"ca13728\" data-element_type=\"column\">\n\t\t\t<div class=\"elementor-widget-wrap elementor-element-populated\">\n\t\t\t\t\t\t<div class=\"elementor-element elementor-element-78cffb4 elementor-widget elementor-widget-wgl-clients\" data-id=\"78cffb4\" data-element_type=\"widget\" data-widget_type=\"wgl-clients.default\">\n\t\t\t\t<div class=\"elementor-widget-container\">\n\t\t\t\t\t<div class=\"wgl-clients clearfix anim-ex_images items-6\" data-carousel=\"yes\"><div class=\"wgl-carousel_wrapper\"><div id=zikzag_carousel_69d9c2416882a class=\"wgl-carousel\"><div class=\"wgl-carousel_slick\" data-slick='{\"slidesToShow\":6,\"slidesToScroll\":1,\"infinite\":true,\"variableWidth\":false,\"autoplay\":false,\"autoplaySpeed\":\"\",\"speed\":300,\"arrows\":false,\"dots\":false,\"adaptiveHeight\":false,\"responsive\":[{\"breakpoint\":1400,\"settings\":{\"slidesToShow\":4,\"slidesToScroll\":1}},{\"breakpoint\":1024,\"settings\":{\"slidesToShow\":3,\"slidesToScroll\":1}},{\"breakpoint\":768,\"settings\":{\"slidesToShow\":2,\"slidesToScroll\":1}}]}'><div class=\"clients_image\"><a class=\"image_link image_wrapper\" href=\"\/about-company\/\"><img decoding=\"async\" class=\"hover_image\" src=\"http:\/\/smartsys.ma\/wp-content\/uploads\/2020\/02\/partners-1c.png\" alt=\"partners-1c\" \/><img decoding=\"async\" class=\"main_image\" src=\"http:\/\/smartsys.ma\/wp-content\/uploads\/2020\/02\/partners-1g.png\" alt=\"partners-1g\" \/><\/a><\/div><div class=\"clients_image\"><a class=\"image_link image_wrapper\" href=\"\/about-company\/\"><img decoding=\"async\" class=\"hover_image\" src=\"http:\/\/smartsys.ma\/wp-content\/uploads\/2020\/02\/partners-2c.png\" alt=\"partners-2c\" \/><img decoding=\"async\" class=\"main_image\" src=\"http:\/\/smartsys.ma\/wp-content\/uploads\/2020\/02\/partners-2g.png\" alt=\"partners-2g\" \/><\/a><\/div><div class=\"clients_image\"><a class=\"image_link image_wrapper\" href=\"\/about-company\/\"><img decoding=\"async\" class=\"hover_image\" src=\"http:\/\/smartsys.ma\/wp-content\/uploads\/2020\/02\/partners-3c.png\" alt=\"partners-3c\" \/><img decoding=\"async\" class=\"main_image\" src=\"http:\/\/smartsys.ma\/wp-content\/uploads\/2020\/02\/partners-3w.png\" alt=\"partners-3w\" \/><\/a><\/div><div class=\"clients_image\"><a class=\"image_link image_wrapper\" href=\"\/about-company\/\"><img decoding=\"async\" class=\"hover_image\" src=\"http:\/\/smartsys.ma\/wp-content\/uploads\/2020\/02\/partners-4co.png\" alt=\"partners-4co\" \/><img decoding=\"async\" class=\"main_image\" src=\"http:\/\/smartsys.ma\/wp-content\/uploads\/2020\/02\/partners-4g.png\" alt=\"partners-4g\" \/><\/a><\/div><div class=\"clients_image\"><a class=\"image_link image_wrapper\" href=\"\/about-company\/\"><img decoding=\"async\" class=\"hover_image\" src=\"http:\/\/smartsys.ma\/wp-content\/uploads\/2020\/02\/partners-5c.png\" alt=\"partners-5c\" \/><img decoding=\"async\" class=\"main_image\" src=\"http:\/\/smartsys.ma\/wp-content\/uploads\/2020\/02\/partners-5g.png\" alt=\"partners-5g\" \/><\/a><\/div><div class=\"clients_image\"><a class=\"image_link image_wrapper\" href=\"\/about-company\/\"><img decoding=\"async\" class=\"hover_image\" src=\"http:\/\/smartsys.ma\/wp-content\/uploads\/2020\/02\/partners-6c.png\" alt=\"partners-6c\" \/><img decoding=\"async\" class=\"main_image\" src=\"http:\/\/smartsys.ma\/wp-content\/uploads\/2020\/02\/partners-6g.png\" alt=\"partners-6g\" \/><\/a><\/div><div class=\"clients_image\"><a class=\"image_link image_wrapper\" href=\"\/about-company\/\"><img decoding=\"async\" class=\"hover_image\" src=\"http:\/\/smartsys.ma\/wp-content\/uploads\/2020\/02\/partners-3c.png\" alt=\"partners-3c\" \/><img decoding=\"async\" class=\"main_image\" src=\"http:\/\/smartsys.ma\/wp-content\/uploads\/2020\/02\/partners-3w.png\" alt=\"partners-3w\" \/><\/a><\/div><\/div><\/div><\/div><\/div>\t\t\t\t<\/div>\n\t\t\t\t<\/div>\n\t\t\t\t\t<\/div>\n\t\t<\/div>\n\t\t\t\t\t<\/div>\n\t\t<\/section>\n\t\t<div class=\"elementor-element elementor-element-f034d45 e-flex e-con-boxed e-con e-parent\" data-id=\"f034d45\" data-element_type=\"container\">\n\t\t\t\t\t<div class=\"e-con-inner\">\n\t\t\t\t\t<\/div>\n\t\t\t\t<\/div>\n\t\t\t\t<\/div>\n\t\t","protected":false},"excerpt":{"rendered":"<p>Votre Passerelle entre le Maroc et le Monde. SMARTSYS optimise vos approvisionnements en connectant le march\u00e9 marocain et african aux meilleurs fournisseurs mondiaux, particuli\u00e8rement en Chine. Nous n\u00e9gocions les tarifs directs d\u2019usine et assurons un contr\u00f4le qualit\u00e9 rigoureux pour garantir la conformit\u00e9 de vos marchandises. Notre expertise g\u00e8re l&#8217;int\u00e9gralit\u00e9 du processus, du sourcing \u00e0 la [&hellip;]<\/p>\n","protected":false},"author":1,"featured_media":0,"parent":0,"menu_order":0,"comment_status":"closed","ping_status":"closed","template":"","meta":{"footnotes":""},"class_list":["post-3578","page","type-page","status-publish","hentry"],"_links":{"self":[{"href":"https:\/\/smartsys.ma\/index.php\/wp-json\/wp\/v2\/pages\/3578","targetHints":{"allow":["GET"]}}],"collection":[{"href":"https:\/\/smartsys.ma\/index.php\/wp-json\/wp\/v2\/pages"}],"about":[{"href":"https:\/\/smartsys.ma\/index.php\/wp-json\/wp\/v2\/types\/page"}],"author":[{"embeddable":true,"href":"https:\/\/smartsys.ma\/index.php\/wp-json\/wp\/v2\/users\/1"}],"replies":[{"embeddable":true,"href":"https:\/\/smartsys.ma\/index.php\/wp-json\/wp\/v2\/comments?post=3578"}],"version-history":[{"count":18,"href":"https:\/\/smartsys.ma\/index.php\/wp-json\/wp\/v2\/pages\/3578\/revisions"}],"predecessor-version":[{"id":4077,"href":"https:\/\/smartsys.ma\/index.php\/wp-json\/wp\/v2\/pages\/3578\/revisions\/4077"}],"wp:attachment":[{"href":"https:\/\/smartsys.ma\/index.php\/wp-json\/wp\/v2\/media?parent=3578"}],"curies":[{"name":"wp","href":"https:\/\/api.w.org\/{rel}","templated":true}]}}